s the ten thousands digit of 922216635?
1
What is the hundred thousands digit of 241118440?
1
What is the ten thousands digit of 1663889896?
8
What is the hundred thousands digit of 82403346?
4
What is the hundreds digit of 43384787?
7
What is the thousands digit of 4821050287?
0
What is the ten thousands digit of 82760385?
6
What is the tens digit of 271479508?
0
What is the billions digit of 5126597824?
5
What is the hundreds digit of 15219395?
3
What is the hundreds digit of 50009110?
1
What is the thousands digit of 138601643?
1
What is the tens digit of 69226896?
9
What is the units digit of 266120189?
9
What is the ten millions digit of 7711174830?
1
What is the tens digit of 380795211?
1
What is the hundreds digit of 89601086?
0
What is the thousands digit of 518192150?
2
What is the ten thousands digit of 77830969?
3
What is the tens digit of 152814986?
8
What is the units digit of 3966643332?
2
What is the billions digit of 2019154908?
2
What is the units digit of 161464952?
2
What is the tens digit of 142245646?
4
What is the hundreds digit of 1823146139?
1
What is the units digit of 794783673?
3
What is the hundred thousands digit of 37354067?
3
What is the ten thousands digit of 54245384?
4
What is the hundred thousands digit of 10972625?
9
What is the hundred thousands digit of 703614254?
6
What is the ten thousands digit of 56594304?
9
What is the ten millions digit of 54183496?
5
What is the ten thousands digit of 1344102624?
0
What is the tens digit of 5704892570?
7
What is the thousands digit of 43755462?
5
What is the thousands digit of 142100751?
0
What is the hundreds digit of 1804158043?
0
What is the ten thousands digit of 266603542?
0
What is the millions digit of 574357747?
4
What is the ten thousands digit of 647637889?
3
What is the hundreds digit of 2207111862?
8
What is the ten millions digit of 213729857?
1
What is the hundreds digit of 40862022?
0
What is the units digit of 350738257?
7
What is the hundred thousands digit of 27203563?
2
What is the units digit of 424685186?
6
What is the hundred thousands digit of 222417590?
4
What is the hundred thousands digit of 1175533591?
5
What is the ten millions digit of 530687217?
3
What is the billions digit of 1358300430?
1
What is the units digit of 21280848?
8
What is the hundred millions digit of 161760210?
1
What is the hundred thousands digit of 86009699?
0
What is the billions digit of 1758614129?
1
What is the hundreds digit of 230696774?
7
What is the ten thousands digit of 8424276362?
7
What is the millions digit of 755823026?
5
What is the ten thousands digit of 73551804?
5
What is the thousands digit of 70425989?
5
What is the billions digit of 3755355784?
3
What is the ten thousands digit of 634718932?
1
What is the ten millions digit of 45259136?
4
What is the tens digit of 83564153?
5
What is the thousands digit of 322764830?
4
What is the ten millions digit of 245399681?
4
What is the millions digit of 607779869?
7
What is the thousands digit of 110514176?
4
What is the tens digit of 355555164?
6
What is the tens digit of 31258044?
4
What is the tens digit of 486590601?
0
What is the ten thousands digit of 49075868?
7
What is the hundreds digit of 585816002?
0
What is the tens digit of 18832699?
9
What is the millions digit of 52189851?
2
What is the tens digit of 79519844?
4
What is the tens digit of 284851392?
9
What is the ten thousands digit of 1188015573?
1
What is the hundred thousands digit of 352169133?
1
What is the millions digit of 8654582?
8
What is the tens digit of 1019691680?
8
What is the ten thousands digit of 647733283?
3
What is the hundred thousands digit of 114786976?
7
What is the hundreds digit of 282454782?
7
What is the billions digit of 2175986756?
2
What is the ten millions digit of 95154710?
9
What is the tens digit of 44252096?
9
What is the millions digit of 2753421630?
3
What is the units digit of 595127313?
3
What is the ten thousands digit of 663213614?
1
What is the tens digit of 16256007?
0
What is the hundred millions digit of 478858900?
4
What is the thousands digit of 167233090?
3
What is the hundred millions digit of 1034475954?
0
What is the thousands digit of 1859454519?
4
What is the thousands digit of 109380928?
0
What is the ten millions digit of 4710409336?
1
What is the millions digit of 3310221097?
0
What is the tens digit of 748793250?
5
What is the ten thousands digit of 268215489?
1
What is the hundred thousands digit of 16110059?
1
What is the ten thousands digit of 566543995?
4
What is the tens digit of 2491247750?
5
What is the hundred thousands digit of 97652834?
6
What is the billions digit of 2165597361?
2
What is the tens digit of 397664951?
5
What is the hundreds digit of 4017333642?
6
What is the units digit of 533214018?
8
What is the ten thousands digit of 1958273640?
7
What is the tens digit of 175299505?
0
What is the units digit of 50892228?
8
What is the thousands digit of 1210759464?
9
What is the thousands digit of 171618601?
8
What is the hundreds digit of 261575177?
1
What is the tens digit of 748839249?
4
What is the hundreds digit of 4798243591?
5
What is the hundreds digit of 179955263?
2
What is the units digit of 5466747793?
3
What is the hundred millions digit of 103209928?
1
What is the ten millions digit of 151931176?
5
What is the ten thousands digit of 489394892?
9
What is the thousands digit of 58944988?
4
What is the ten millions digit of 3322237225?
2
What is the tens digit of 1242941686?
8
What is the hundreds digit of 994648772?
7
What is the units digit of 2833832353?
3
What is the ten millions digit of 117180332?
1
What is the thousands digit of 76819623?
9
What is the tens digit of 1405237236?
3
What is the ten millions digit of 91247603?
9
What is the millions digit of 22657494?
2
What is the tens digit of 1098881917?
1
What is the millions digit of 2286292718?
6
What is the hundred thousands digit of 3224857847?
8
What is the ten thousands digit of 21369137?
6
What is the units digit of 2803027850?
0
What is the billions digit of 3764003980?
3
What is the ten thousands digit of 1846136721?
3
What is the thousands digit of 105921012?
1
What is the units digit of 25226207?
7
What is the ten millions digit of 107865655?
0
What is the hundreds digit of 1805982203?
2
What is the ten millions digit of 98849316?
9
What is the ten thousands digit of 1875034332?
3
What is the millions digit of 64459790?
4
What is the ten millions digit of 1261119581?
6
What is the hundreds digit of 401765028?
0
What is the ten thousands digit of 140342915?
4
What is the tens digit of 870812179?
7
What is the hundreds digit of 1264548376?
3
What is the hundreds digit of 9263565?
5
What is the hundred thousands digit of 95080040?
0
What is the billions digit of 2254590756?
2
What is the ten millions digit of 44368638?
4
What is the tens digit of 352828055?
5
What is the hundreds digit of 4582673?
6
What is the tens digit of 385349742?
4
What is the tens digit of 2036533355?
5
What is the tens digit of 604020423?
2
What is the hundred thousands digit of 3074341320?
3
What is the tens digit of 436123975?
7
What is the tens digit of 89598924?
2
What is the units digit of 2204642361?
1
What is the millions digit of 599552585?
9
What is the ten millions digit of 74715091?
7
What is the millions digit of 412344553?
2
What is the units digit of 8119549?
9
What is the hundred thousands digit of 274804835?
8
What is the millions digit of 32321519?
2
What is the millions digit of 1959924863?
9
What is the thousands digit of 962312108?
2
What is the billions digit of 3428083996?
3
What is the ten thousands digit of 402163487?
6
What is the units digit of 148141223?
3
What is the millions digit of 122360407?
2
What is the hundreds digit of 110158229?
2
What is the hundred millions digit of 3065988431?
0
What is the hundred thousands digit of 6022274185?
2
What is the millions digit of 17739330?
7
What is the millions digit of 3541376176?
1
What is the hundred millions digit of 538634117?
5
What is the hundred thousands digit of 1047519204?
5
What is the billions digit of 2253079221?
2
What is the ten thousands digit of 4794066209?
6
What is the hundred thousands digit of 6693870014?
8
What is the hundr